/3 - (-82)/6.
11
Let n(h) = -h**3 + h - 1. Let u(b) = -8*b**2 + 11*b + 12. Let x(c) = -n(c) - u(c). What is the remainder when x(-9) is divided by 6?
4
Suppose -5*f = -23 - 52. Suppose 17*j - 13*j - 172 = 0. What is the remainder when j is divided by f?
13
Suppose 0*g - 14 = -g. What is the remainder when 54 is divided by g?
12
Suppose 0 = -3*n + 12, 5*g - 222 = 4*n + 12. What is the remainder when g is divided by 18?
14
Let g = -65 + 148. What is the remainder when g is divided by 7?
6
Suppose -3*h - 2*h + 215 = 0. Let m = h + -24. Suppose 9 = 3*x - 2*k, -3*k + k - 4 = -2*x. Calculate the remainder when m is divided by x.
4
Suppose -5*k + 36 = -89. Calculate the remainder when k is divided by 9.
7
Suppose 4 = 2*k, 6*y = y - 5*k + 30. Calculate the remainder when 26 is divided by y.
2
Let w = -56 + 72. Calculate the remainder when 31 is divided by w.
15
Suppose 4*l + 5*m + 3 + 4 = 0, 2*m = -6. Suppose -4*q = 3 - 15. Calculate the remainder when q is divided by l.
1
What is the remainder when 5 is divided by (0 - (-16)/6)/((-34)/(-51))?
1
Suppose -1 = -l, -l + 0*l + 1 = -3*t. Suppose 74 = 2*g - c, -g - 2*c - 6 + 43 = t. What is the remainder when g is divided by ((-3)/(-9))/((-3)/(-171))?
18
What is the remainder when 181 is divided by (-2)/(-4)*(-168)/(-6)?
13
Let l(r) = r**2 + 10*r + 9. Let j be l(-9). Suppose -k + 5*k - 64 = j. What is the remainder when 79 is divided by k?
15
Let g be (4 + 3)*(-1 - 0). Let j = 2 - g. Calculate the remainder when j is divided by 5.
4
Let x be (6 - 12/4) + 0. Suppose 3*y - 15 = -3*p, -3*p + 12 = x*y - y. Let t(m) = -m**2 + m + 1. What is the remainder when p is divided by t(0)?
0
Let u = 4 + 46. Calculate the remainder when u is divided by 18.
14
Suppose -5*r = -r - 148. What is the remainder when r is divided by 20?
17
Let z(i) = -i - 3. Calculate the remainder when z(-7) is divided by 10/4 + (-2)/4.
0
Let x = 2 + 4. Let b = 17 - x. Suppose 2*z + 4*f = 12 + 12, 32 = z - 3*f. Calculate the remainder when z is divided by b.
9
Calculate the remainder when (3*1)/((-2)/656*-6) is divided by 33.
32
Suppose c - 46 = -0*c. Calculate the remainder when c is divided by 12.
10
Suppose 3*x - 8 = 4*d, 2*d = -3*d - 10. Suppose x*y = 2*y - 94. Let r = y + -21. Calculate the remainder when r is divided by 14.
12
Let s be ((-23)/2)/1*-4. Suppose -2*o + s = 3*g, -2*g + 10 + 19 = o. Calculate the remainder when (-2 - -3) + -1 + 22 is divided by g.
10
Suppose 2*l = -2*l + 28. Calculate the remainder when 19 is divided by l.
5
Let p = 1 - -15. What is the remainder when p is divided by 5?
1
Let o(v) = -1. Let f(j) = 13*j + 7. Let z(p) = -f(p) - o(p). Calculate the remainder when z(-5) is divided by 20.
19
Suppose -2*w - w = 0. Suppose w*k + 2*k - 82 = 0. Calculate the remainder when k is divided by 15.
11
Suppose 0 = 2*m - 168 - 332. Suppose 5*d - 3*w - 164 - 86 = 0, 5*d + 3*w = m. What is the remainder when d is divided by 17?
16
Let p(y) = -3*y + 5. Let h = -14 - -64. Calculate the remainder when h is divided by p(-4).
16
Suppose 4 + 48 = i. Suppose 0 = 6*z - 2*z - i. What is the remainder when z is divided by 5?
3
Suppose 0 = -2*s - 2*l, 2*l = 3*s - 3*l - 16. What is the remainder when 9 is divided by 2/((-16)/(-6) - s)?
0
Suppose 0 = 5*d - 12*d + 42. Suppose -30 = -3*v + d. What is the remainder when 20 is divided by v?
8
Suppose -20 = -2*b + 3*b. Let g = b + 7. Let z = g + 30. What is the remainder when z is divided by 6?
5
Let y = 215 - 315. Let r = -66 - y. Calculate the remainder when 101 is divided by r.
33
Suppose 36 = -g + 5*g. Suppose 0*a + g = a. What is the remainder when 34 is divided by a?
7
What is the remainder when 105 is divided by 54/(5/((-15)/(-6)))?
24
Let q = 107 + -59. Let y = 10 + q. Calculate the remainder when y is divided by 20.
18
What is the remainder when 22 is divided by 16/3 - 16/(-24)?
4
Let o(c) = -c - 3. Suppose 20 = -0*h - 4*h. Suppose -x + i = -5, -8 = 5*x + 5*i - 3. What is the remainder when x is divided by o(h)?
0
Suppose 2*j + 2*b = b + 26, 2*b + 4 = 0. Let y = j + -11. Calculate the remainder when 4 is divided by y.
1
Suppose 18 - 6 = 3*d, -2*d + 10 = a. Suppose a*v = 7*v - 40. Suppose -4*j + v = 0, 4*j - 23 + 60 = 5*h. Calculate the remainder when 16 is divided by h.
7
Suppose -2*a + 4*m = -0 + 4, -4*a + 4 = -2*m. Let g(p) = -p**3 + 5*p**2 - 3*p. Let l be g(4). What is the remainder when ((-4)/3)/(l/(-6)) is divided by a?
0
Suppose 4*d = 5*m + 49 + 91, -5*d - 3*m = -175. Let b = d + -24. Let k = 27 - 6. Calculate the remainder when k is divided by b.
10
Suppose 4*p - 2*z = 5*p - 92, -2*p = -2*z - 202. Let x = 141 - 116. What is the remainder when p is divided by x?
23
Let m(q) = q**3 + 4*q**2 - 2*q - 3. Suppose 0 = o - 0*o - 4. Let v be o/(-10) + 18/(-5). Calculate the remainder when 8 is divided by m(v).
3
Let u(p) = -p**3 - 5*p**2 + 4*p - 7. Let q be u(-6). Suppose q*s - 225 = -5*g, g + 6 = -g. What is the remainder when s is divided by 17?
14
Let k = 281 + -33. Calculate the remainder when k is divided by 42.
38
Let g be (5 + -9)*(-6)/(-4). Let b(o) = o**3 + 7*o**2 + 3*o - 8. Calculate the remainder when 17 is divided by b(g).
7
Let l = 24 + -14. Let q be ((-28)/8)/((-1)/l). Let k = -18 + q. What is the remainder when 32 is divided by k?
15
Suppose -4*k - 3*n - 10 = -24, 3*n = 6. Let i = 4 + k. Suppose 2*d - d = -2, -a + d = -12. What is the remainder when a is divided by i?
4
Let b = 22 + -34. Calculate the remainder when 5 is divided by b/20 + 46/10.
1
Let i = -66 - -93. What is the remainder when i is divided by 10?
7
Let j be 15*-24*4/(-8). Suppose 0 = b + 3*b - j. What is the remainder when b is divided by 16?
13
Suppose 3*g + 33 + 14 = m, -4*m + 2*g + 158 = 0. What is the remainder when 149 is divided by m?
35
Let b(x) be the first derivative of x**2/2 - 5*x - 1. Let p be b(8). Suppose -2*v + p*v = 10. What is the remainder when 28 is divided by v?
8
Let i be 1/3 + 255/(-9). Let p = -18 - i. Suppose -w - 4*w - p = 0, 4*w - 10 = -q. Calculate the remainder when 53 is divided by q.
17
Let v(h) = 9*h**2 - 2*h - 1. What is the remainder when v(-2) is divided by 59/4 - 12/16?
11
Suppose 0*y - 2*y + n = 0, 4*y + 4*n = 12. Calculate the remainder when 5 + (-6 - -3) + -1 is divided by y.
0
Let i(r) = 3*r**2 - 9*r + 7. Let m be (24/(-20))/(2/(-10)). What is the remainder when i(m) is divided by 16?
13
Let v(o) be the first derivative of -o**3/3 + o**2/2 + 3*o - 3. Let n be v(0). Calculate the remainder when 19 is divided by 2 + (3 - n) + 5.
5
Suppose -4*x - 8 + 56 = 0. Suppose 3*y - 15 = x. What is the remainder when 26 is divided by y?
8
What is the remainder when 97 is divided by ((-5)/3)/(0 + (-1)/15)?
22
Calculate the remainder when 65 is divided by 18 - (3 + -3 - -1).
14
Suppose -p = -3, -3*b + 13 = 2*b + p. Suppose -s - s + b = 0. Calculate the remainder when 3 is divided by s.
0
Let r(u) = u**3 + 9*u**2 + 7*u + 3. Suppose -26 = 5*k + 14. What is the remainder when 30 is divided by r(k)?
8
Let v(p) be the first derivative of p**2/2 - 3*p - 2. Let i be v(7). Calculate the remainder when (i - 1)/((-9)/(-96)) is divided by 17.
15
Suppose 2*n = -n + 42. Let d = 6 - 2. Suppose -4*j - 6*b + 40 = -2*b, -16 = -3*j + d*b. What is the remainder when n is divided by j?
6
Calculate the remainder when 6/(-33) + (-976)/(-44) is divided by 8.
6
Let q = -83 + 157. What is the remainder when q is divided by 19?
17
Let b = 42 - 22. What is the remainder when 118 is divided by b?
18
Suppose -6*n = -2*n + 2*k - 258, -5*n = 4*k - 327. Calculate the remainder when n is divided by 13.
11
Let w(u) be the first derivative of 6*u**3 - u + 1. What is the remainder when 33 is divided by w(-1)?
16
Suppose -2 = m - 9. What is the remainder when 18 is divided by 2/(-14) + 71/m?
8
Let w be (-4)/(-10) - 23/(-5). Suppose 2*p + 2 = -3*a, -3*a + 2*p + 9 + w = 0. Suppose -10 = -0*k - 5*k. Calculate the remainder when a is divided by k.
0
Suppose 2*b + 4*k = 100, 5*b = k + k + 202. Let r = -53 + 75. What is the remainder when b is divided by r?
20
Let o be (18/5)/((-6)/(-15)). Suppose o - 2 = t. What is the remainder when 12 is divided by t?
5
Let l be ((-32)/(-12))/((-3)/9). Let v(f) = 9*f**2 - f + 3 + f**3 + 2*f + 2*f. Calculate the remainder when v(l) is divided by 15.
13
Suppose 0 = 9*w - 972 - 9. What is t